. Give y(v).
5
Let t be 1/(((-2)/(-16))/((-3)/(-12))). Suppose -t*l - 11 = -4*r + l, 2 = -2*l. Suppose 4 = -r*b - 4. Let z(s) = -s**3 - 3*s**2 + 3*s + 3. Give z(b).
7
Let b be -7 - (4/(-14))/((-38)/(-266)). Let c(n) = -2*n + 1. What is c(b)?
11
Let s(o) = o + 16. Let c(d) = -2*d**2 - 2*d - 20. Let l be c(0). Let y be ((-2)/3)/(l/150). Suppose -r - 4*i = -16, y*i = 4*r + 21 - 1. Calculate s(r).
16
Let u(h) be the second derivative of -h**5/20 - 5*h**4/3 + 5*h**3 + 191*h**2/2 + 3532*h. Calculate u(-21).
2
Let x(k) = k**3 + 18*k**2 - 2*k - 5. Let f be 3 - 11 - 17 - (-4)/((-12)/(-21)). Calculate x(f).
31
Let c(l) = l**2 - 10*l + 34. Suppose -78*h = -77*h - 5. Let b be c(h). Let n(w) = -w**2 + 11*w - 10. Give n(b).
8
Let x(v) = v**2 + 4*v + 5. Suppose 7*u + 1239 = -0*u. Let j = u + 171. Calculate x(j).
17
Let v(w) be the third derivative of 3/2*w**3 + 1/10*w**5 + 1/120*w**6 + 0*w + 1/12*w**4 + 2 - 38*w**2. Calculate v(-6).
-3
Let j be (-3*1/2)/(39/(-104)). Suppose -o = 3*i + 2, j*o + 47 = 8*o + i. Let q(h) = h**2 - 13*h - 3. Calculate q(o).
-3
Let g(b) be the first derivative of 11*b**2 + 140*b + 1142. Give g(-6).
8
Let r(g) be the first derivative of -g**3/3 + g - 2815. Determine r(6).
-35
Let y(x) = x**2 - 18*x - 8. Let c be y(19). Let t(a) = -a**2 - 3 - c + 2 - 3 + 18*a - 2. Determine t(16).
15
Let v(b) be the first derivative of b**6/120 - 2*b**5/15 - 3*b**4/8 + 7*b**3/6 - b**2/2 + 29*b + 73. Let y(c) be the second derivative of v(c). Determine y(9).
7
Suppose 105 = -5*g + 4*v - 100, 50 = -g - v. Let k = g + 47. Let l(t) = 4*t - 4*t - 3 - k*t + 2. Determine l(3).
-7
Let m(l) = -l - 76 - 40 + 99. Give m(-8).
-9
Let t(b) = 6*b + 41. Let v be t(-6). Let k(c) = -c**2 - 4*c + 10. Let p(z) = z**2 + 4*z - 11. Let i(n) = v*k(n) + 4*p(n). Calculate i(-4).
6
Let u = -245 - -256. Let i be 2*(-1 - (-3)/6)*-4. Let o(q) = 9*q - 2*q**3 + 10*q**2 + 9 + q**3 + i. Give o(u).
-9
Let d(a) be the third derivative of -a**6/120 - a**5/15 - a**4/24 - 2*a**3/3 + a**2. Suppose -161*i + 159*i - 5*t + 45 = 0, -5*i - 8*t + 63 = 0. Calculate d(i).
26
Let y(p) = -p - 3. Suppose -19*a = -36*a + 969. Suppose a*h = 48*h + 81. Give y(h).
-12
Let k(b) be the first derivative of -b**2 + 20 - 4*b + 1/3*b**3. Let d(a) = -a**2 - 3*a + 7. Let q be d(-5). Give k(q).
11
Let v(m) be the second derivative of 15*m + 7/6*m**3 + 1/12*m**4 - 11/2*m**2 + 0. Let j be (-1 - 7) + (-11 - (11 - 22)). Calculate v(j).
-3
Let n(f) = -f**3 - 8*f**2 + 10*f - 9. Let p be n(-9). Let t = p + -2. Let u = 20 + t. Let g(x) = -x**3 - x - 4. Determine g(u).
-4
Suppose 44 = 3*b + 4*g, b - g = -0*g + 3. Suppose 0 = k - b. Suppose -y + 17 = -4*w, -5*y - k - 3 = 4*w. Let o(h) = 10*h**3 + h. Calculate o(y).
11
Let p(z) be the second derivative of -z**4/12 - z**3 - z**2/2 + 34*z. Suppose 42*u = 40*u - 112. Let n = u - -53. What is p(n)?
8
Let l(d) be the first derivative of 164 + 5*d + 1/3*d**3 - 11/2*d**2. Calculate l(11).
5
Let z(s) = s**2 + 9*s + 19. Let p(o) = -o**2 - 9*o - 18. Let d be (-25 + 23)/(4/(-10)). Let w(i) = d*p(i) + 4*z(i). Calculate w(-6).
4
Let b be 2 + (-14)/6 - 56/(-24). Let r(z) = -126*z - 123*z + 366*z - 10 + b*z**2 - 125*z. Give r(7).
32
Let n(f) be the third derivative of f**6/120 - 17*f**5/60 - 2*f**4/3 - 11*f**3/3 - 13*f**2 - 2*f - 3. Calculate n(18).
14
Let i(m) = -m**2 + 2*m - 3. Suppose -4*k = 3*s - 526, 0 = -5*s - 6*k + k + 875. Suppose -s*v + 176*v = 4. Determine i(v).
-3
Let k(c) be the third derivative of c**4/24 + c**3/6 - 681*c**2 - c. Give k(1).
2
Let g be 13/((-26)/(-3))*(-8)/6. Let z = -7 - -9. Let b(w) = z*w + 3*w + 0*w - 2 - 4*w + 2*w**2. What is b(g)?
4
Let k(s) be the first derivative of -s**4/4 - 7*s**3/3 - s**2 - 4*s - 2. Suppose -20*n + 44 + 56 = 0. Suppose 0 = -n*z + 18*z + 91. Give k(z).
10
Let k(d) = -3*d**2 + 28*d + 8. Suppose -3*h = u - 36, 395*h - 394*h - 8 = u. Determine k(h).
-47
Let f(j) = j**3 + 3*j**2 - j + 1. Let i be f(-3). Suppose -k + 5*k = i*s + 4, -5*k + 2*s = 1. Let p(b) = -14*b**2 - 1. Determine p(k).
-15
Let z(s) = -399*s + 31. Let c(u) = -125*u + 10. Let n(d) = 19*c(d) - 6*z(d). Give n(-2).
-34
Let c(j) = 5*j**3 - 32*j**2 + 18*j - 43. Let z be c(6). Let y(n) = n**2 - 4*n - 21. What is y(z)?
56
Let i(r) = -r**3 - 6*r**2 - 3*r + 1. Suppose 0 = -8*s - 24*s + 109 - 301. Determine i(s).
19
Let b(s) = -s - 11. Let p be 9/6*(-70)/15. Let d be (-3 + 1)*(p/(-2) + 2). Determine b(d).
0
Let n(j) = 142*j - 4. Let i(y) = -13*y + 2. Let a(r) = -i(r) - n(r). Give a(-1).
131
Let l(h) = -4*h + 230. Let s be 122/1525 + (-2696)/(-50). Calculate l(s).
14
Let h(g) = 3*g + 0*g + 540 + 8*g**2 - 536 + 18*g**2. Determine h(-1).
27
Let x(a) be the second derivative of -1/3*a**3 - 19*a - 3/2*a**2 - 1/12*a**4 + 0. Calculate x(-5).
-18
Let k(n) = -177 + n + 11*n + 185 + 98. Determine k(-9).
-2
Let d(s) = -23*s + 139. Let j be d(6). Let v be 5 + j + -2 - (22 + -18). Let f(r) = -r**2 - 2*r**3 + 3*r**3 - 5 + 24. Determine f(v).
19
Let z(t) be the first derivative of -9/2*t**2 + t - 52 - 1/3*t**3. What is z(-9)?
1
Let q(b) = -3*b + b + 4*b - 5. Suppose -1098 + 4220 = 446*i. Calculate q(i).
9
Let h(y) = y**2 + 5*y - 2. Suppose 32*d = 24*d - 1264. Let x = d - -154. Give h(x).
-6
Let i(s) = -s**3 + 3*s**2 + 56*s + 94. Let k be i(-2). Let u(r) = -r**2 - 27*r + 59. Calculate u(k).
1
Let y(a) be the third derivative of -a**6/360 - a**4/2 - 10*a**2 + a. Let g(w) be the second derivative of y(w). Calculate g(2).
-4
Let d be (-3230)/(-153) + 18/(-162). Let h(t) = -3*t + 62. What is h(d)?
-1
Let x be 15/6 - 2/(-4). Let n(r) = 4*r**2 - 23*r + 25*r - r**x - 3 - 2*r**2. Suppose 5*a - 3 = 14*s - 10*s, -4*s = a - 15. Determine n(s).
-6
Let y(o) = o**3 + 6*o**2 - 7*o + 2. Suppose -6*a + 7*a - 4 = 0. Suppose -g + a = 0, -g - g + 15 = -u. Calculate y(u).
2
Let t = 237 - 245. Let j be ((-18)/24)/(t/(-160)). Let c(s) = s + 2. Calculate c(j).
-13
Let l(v) = 5*v**3 - 3*v**2 - 10*v - 8. Let b(p) = 4*p**3 - 4*p**2 - 10*p - 7. Let r(s) = 6*b(s) - 5*l(s). Suppose 0*d - 24 = 3*d - 5*x, 0 = -5*x. What is r(d)?
14
Suppose 3*f = -28 + 124. Suppose -95*t + 99*t = -f. Let o(z) = z**2 + 9*z - 8. Calculate o(t).
-16
Let t(l) = -26 - 17 + 7*l + 34 - 5*l + l**2. Suppose -2 = -z - 6. Let j be t(z). Let m(y) = -12*y**2 - 1. Determine m(j).
-13
Let v = 39 - 47. Let y(g) = 2*g + 28. Let m be y(v). Let b be (7/(-21))/((-2)/m). Let n(j) = -2*j**3 + 2*j**2 - 1. What is n(b)?
-9
Suppose 0 = 439*w - 419*w + 100. Let n(v) = -4*v**2 - 2*v**3 + 5 - 5*v**2 + 4*v**2 + v**3. Calculate n(w).
5
Suppose -218 = 40*g - 330 - 328. Let p(n) = n**2 - 10*n + 18. What is p(g)?
29
Let r(i) = -8*i**3 + 5*i**2 + 23*i + 7. Let a(d) = -7*d**3 + 4*d**2 + 20*d + 6. Let b(n) = 7*a(n) - 6*r(n). Give b(-5).
65
Let n(k) = 2*k**2 + 6*k + 4. Let s = 6105 - 6107. Calculate n(s).
0
Let k(i) = -i + 3. Let b(d) be the first derivative of -d**4/4 - 11*d**3/3 - 17*d**2/2 + 9*d - 76. Let c be b(-9). Determine k(c).
3
Let q(x) = 4*x + 12. Let b(l) = -2*l**2 + 60*l + 269. Let t be b(34). What is q(t)?
0
Let b(i) = 7*i**2 + 4*i + 19*i**3 + 5*i + 3 - 18*i**3 + 1. Suppose 6*p - 5 - 19 = 0. Suppose 2*x + 24 = p*l, x - 9 = 3*l - 8*l. Calculate b(x).
-14
Let q(y) be the second derivative of -y**5/20 + y**4/12 + 4*y**3/3 - y**2/2 - 2865*y. What is q(4)?
-17
Let a = 7 - 14. Let r(k) = 2*k + 9. Let p be r(-3). Let d(l) = -8*l + p + 9*l - 1. What is d(a)?
-5
Let y(t) = -t**2 + 6*t - 1. Let m = 42 - 42. Suppose z + 3 + m = 0, 0 = -5*p + 3*z - 91. Let d = -15 - p. What is y(d)?
4
Let p(m) = 2*m**3 - 11*m**2 - 71*m + 9. Let q be p(-4). Let k(i) = -i**3 - 13*i**2 - 12*i + 6. Calculate k(q).
-104
Let v(l) = -l + 1. Let i = -167 + 169. Let p be (-19)/(285/54) + i/(-5). What is v(p)?
5
Let d(p) = 6*p**2 + 3*p. Let y(m) = -32*m**2 + 15*m + 59. Let b(w) = 5*d(w) + y(w). Determine b(17).
-9
Let u(a) = 13*a**2 + 13*a - 3. Suppose 1133 - 140 = -331*w. Calculate u(w).
75
Let c(a) = 94*a**3 - 95*a**3 - 32*a - 6*a**2 + 14*a**2 + 8 + 25*a**2 + 0*a**2. Give c(32).
8
Let n(i) be the first derivative of -1/3*i**3 + 1/2*i**2 + 213 + 4*i. What is n(-3)?
-8
Suppose 0 = t - 2*t - 5. Let b(r) be the third derivative of -r**6/120 - r**5/15 - r**3/2 - 40978*r**2. Give b(t).
22
Suppose 199*r - 122 - 1022 = -373*r. Let u(m) = 46*m - 8. Determine u(r).
84
Let b(n) be the second derivative of n**5/20